Let d be u(-7). Suppose 4*j + 1 = -3. Is 0 + (j + -126)*d prime?
True
Let t be (1*(0 - -1))/1. Suppose -f + t = -4. Suppose -4*h = -f*h + 127. Is h a composite number?
False
Let l = 17 + -14. Suppose 4*v - 2328 = l*a - 7*a, 0 = -v - 1. Is a a composite number?
True
Let q = -15 - -20. Let l be 4 - q - (-3 - 1). Suppose -u - 124 = -l*u. Is u a composite number?
True
Is (((-14)/8)/7)/(1/(-4036)) composite?
False
Let p = -677 + 160. Let m = p - -1186. Is m a prime number?
False
Let r(a) = -3*a**2 - 3*a - 2. Let l be r(-1). Let f be 4 + (0/(-3) - l). Suppose -i + f*i - 1165 = 0. Is i prime?
True
Let s(m) = 8*m**2 - 3*m + 10. Let t be s(7). Let g = -74 + t. Is g a prime number?
True
Let j be 1178/3*(2 - -1). Suppose -286 = -2*w - 2*d + 182, 3*d + j = 5*w. Is w a composite number?
True
Let l = 36 + 0. Let r = 40 - l. Suppose 3*f = -r*s + 624, 5*s = 5*f - 154 + 969. Is s a prime number?
False
Let x(d) = -2*d - 8. Let b be x(-7). Let y be (-211)/2 + b/12. Is y/(-3) + (3 - 1) prime?
True
Let t = 4769 - 2164. Is t prime?
False
Suppose -11*o + 17196 - 1565 = 0. Let v = o + -562. Is v a prime number?
True
Suppose -5*i - v - 3*v = 1600, 0 = 4*i - 3*v + 1280. Let t = -165 - i. Is t composite?
True
Let n = 77 + -137. Let q = 129 + n. Is q a composite number?
True
Let b(g) = 21*g - 73. Is b(16) prime?
True
Suppose 0 = y - 3*y - 5*d + 4, -4*d = 4*y + 4. Let t = 5 + y. Let r = 117 - t. Is r composite?
True
Is (-963)/(-3) + (2 - 4) a composite number?
True
Suppose -14 = -v - 4*m, 2*m - 3 - 1 = v. Let i be (-30 + v)*5/(-10). Let u = i - -23. Is u a prime number?
True
Let w = 109 - 71. Let k = -75 + 106. Let a = w + k. Is a a prime number?
False
Let v = -14 + 15. Let s(l) = 3*l**3 - 1. Let u be s(v). Is u/3 - 1852/(-12) prime?
False
Is 37420/5*(-1)/(-2) - 3 a composite number?
False
Let k(j) = -2*j**3 + 3*j**2 + 2*j - 1. Let s be k(2). Is s*(0 + -299)/1 a composite number?
True
Suppose -8 = -4*m + 3*f + 3, m + 3*f + 1 = 0. Is m/3*17037/18 a prime number?
True
Let v(u) = -6*u + 17. Let i(y) = -y**2 + 6*y - 1. Let r be i(5). Let h be -12 + (r - 1) + -3. Is v(h) prime?
True
Is -2*((-7705)/10 - (5 + -8)) a composite number?
True
Let x(d) = -2*d**3 + 2*d + 2119. Suppose 42*s = 45*s. Is x(s) composite?
True
Suppose 3 = 4*v - 5*t - 23, -3*t - 10 = -v. Suppose -2*j - 3*q = j - 1653, 3*j = -v*q + 1650. Is j composite?
True
Let l be (1/3)/((-2)/(-36)). Suppose -20 = -3*d - 2*b, -l = 2*b + b. Suppose 65 = d*t - 7*t. Is t a prime number?
False
Let p(r) = -3*r**3 - r. Let c be p(-1). Let u(a) = 364*a - 2. Let l be u(c). Is l/10 - 16/40 prime?
False
Suppose 2*o - 120717 = -3*o - a, -4*a - 12 = 0. Is o/20 - 8/40 a composite number?
True
Suppose 4*g + 5*i = 8938, 5*g - i = 2*g + 6713. Is g a prime number?
True
Let z be (-33)/22*10/(-3). Suppose k + 4153 = 5*f - 0*k, -5*k - 4145 = -z*f. Is f a composite number?
True
Let z = -6 - -11. Suppose 0 = -z*w + 629 + 66. Is w a prime number?
True
Let v be 1164/(-9)*21/14. Let b = v - -897. Is b prime?
False
Suppose 0*o - 5*o = -3825. Suppose a = -2*l - l + 465, 0 = 5*l + 5*a - o. Let h = -35 + l. Is h composite?
True
Suppose 161614 = 3*b + 14449. Is b composite?
True
Let y be 6/14 + (-72)/(-28). Let q be -1 + (-3)/1 + y. Is q*1*(7 - 60) a composite number?
False
Let o(k) be the third derivative of 3*k**5/10 + k**4/6 - 11*k**3/6 - 6*k**2. Let c be o(3). Suppose 0 = -2*b - c + 665. Is b composite?
False
Let t be 6/21 + (-44)/7. Let o = t - -6. Suppose -4*j + 618 = -2*j + 4*m, o = -j + 2*m + 325. Is j composite?
False
Let k = -299 + 1011. Suppose 5*h = 5*w + 17550, 2*w - 4225 = -h - k. Is h a composite number?
False
Let b = -21 + 20. Let o(h) = -408*h - 1. Is o(b) composite?
True
Suppose 5*d - 48 = 3*d. Let s = -10 + d. Is s a composite number?
True
Suppose -3*h = 2*t - 4203, 3*t + 0*t = -h + 1408. Is h a composite number?
False
Let p be (-2)/1*(-24)/16. Let h(l) = 4*l**2 + 0*l - p + 0*l + 2*l + 2*l**2. Is h(5) a composite number?
False
Let s(r) = -21*r - 7. Let m be (2/(-6))/(11/(-99)). Let p(n) = n**3 - 4*n**2 + 2*n - 3. Let l be p(m). Is s(l) composite?
True
Is (1 - 2)/(4/(-2764)) a prime number?
True
Let j(z) = -z**2 - 7*z - 9. Let i be j(-3). Suppose -446 = 2*y - 4*w - 3016, -i*w - 1285 = -y. Is y prime?
False
Let p be (-28)/(-126) + (-43)/(-9). Suppose 7*c = p*c + 982. Is c prime?
True
Let f(a) = a**3 + 5*a**2 - 7*a - 1. Let r be f(-6). Let z = 718 - 630. Suppose -r*j + 27 = -z. Is j prime?
True
Let s(r) = 0*r - 25*r**3 + 10*r**2 - 14*r + 8*r + 4. Is s(-5) a prime number?
False
Let a(d) = 65*d**3 + 2*d**2 + 7*d - 19. Is a(4) a prime number?
True
Let a = 33562 - 19699. Is a prime?
False
Let x = 7359 + -3860. Is x composite?
False
Let i = -2051 + 3702. Is i prime?
False
Suppose x + 4 = -0, -j + 2*x + 367 = 0. Is j prime?
True
Let t(a) = -654*a - 106. Is t(-16) prime?
False
Let y be (-1 + (-14)/(-6))/((-8)/(-12)). Is (2*-446)/y*7/(-14) a prime number?
True
Suppose -8*p = -6*p - 4*s - 12878, 0 = -3*p + 3*s + 19308. Is p a composite number?
True
Let h be -9 + -4 + (-3)/(-1). Let c be (-4)/h + 3561/(-15). Is (-1)/(-3 + 6)*c composite?
False
Let t(j) = 95*j**2 + 44 - 2*j - 81 + 38. Is t(4) a prime number?
False
Let h(b) = -74 + 3 + 13 - 14*b + 3*b**2. Is h(17) a prime number?
True
Let o = 40227 + -22322. Is o a composite number?
True
Is -3 + -7 + 6296 - -13 composite?
False
Let v(n) = 2*n**3 + 7*n**2 + 5*n - 5. Let l be v(-5). Let f = l - -158. Is f a prime number?
True
Suppose 3*k - k + 2*p = -2, 5*p = -k - 9. Let g be 3/(-1 - k - -3). Is g - (-1 + (-13 - 2)) prime?
True
Let n be (5 - 0)/((-5)/450). Let f = n - -312. Let y = -76 - f. Is y composite?
True
Let d = -21122 + 139437. Is d a composite number?
True
Suppose 0 = 3*x - 4*p - 6084, -5*x + 5*p - 523 = -10663. Suppose -4*q + x = -1516. Is q prime?
False
Suppose -16*k + 13*k - 489 = 0. Suppose 4*b + u = -2*u + 1010, -2 = u. Let h = k + b. Is h a prime number?
False
Suppose v - 4*v + 6 = 0. Suppose 12*n - 8*n - 16 = 0. Suppose v*d + 3*z = 8*z + 739, -5*d + n*z = -1873. Is d composite?
True
Suppose -l = -10*l + 432. Let t = l + -26. Is t a prime number?
False
Suppose 0 = 15*f - 543868 + 136453. Is f a prime number?
False
Let o be 40/(-15)*(-6)/4. Suppose h + o*v - 911 = 0, 4*h + 10*v = 6*v + 3632. Is h prime?
True
Let i(o) = 47*o + 1. Let t be i(4). Suppose 4*h + c = 631, 2*h + 3*c - t = 134. Is h composite?
False
Let w(t) = 44*t**3 + 2*t**2 - 4*t + 5. Let h be w(2). Let p = 764 - h. Is p prime?
False
Let v be 4*(-151)/(-6)*3. Suppose 4*q - 2*q - 3*w = -298, 3*q - 5*w = -449. Let g = q + v. Is g composite?
True
Is (-39 - -42)*(-3389)/(-3) prime?
True
Suppose -c + 5*d + 10894 - 1247 = 0, 3*c = 3*d + 28941. Is c composite?
True
Suppose 75*p - 5*c = 72*p + 241393, 5*p - 2*c - 402347 = 0. Is p prime?
True
Let b(a) = -243*a + 3. Let k be 1/(4/(-3) + 1) - 3. Is b(k) a prime number?
False
Suppose 4*c = -0*c + 20, 0 = -4*h - 4*c + 24. Let a(w) = -5*w**3 + 2*w - 1. Let b be a(h). Is 0 - -2*(-166)/b a composite number?
False
Let u = -231 - -155. Let v = u - -191. Suppose -5*c + v + 878 = 3*h, -h = c - 331. Is h composite?
False
Suppose -6360 = -5*h + 2*v, -3*v = -3*h - 0*v + 3807. Suppose -3*p - 209 = -h. Is p prime?
False
Let q(s) = -55*s + 10. Let l be q(3). Let c = 868 + l. Is c a composite number?
True
Let t(d) = d + 4. Let c(o) = -1. Let q(f) = -c(f) - t(f). Let s be q(0). Is (-751)/s - 10/(-15) a composite number?
False
Let t be 6/(24/(-20))*44/5. Let g = t - -91. Is g a prime number?
True
Let y = -3 - -3. Suppose -q + 3*i + 14 = y, -q - q = i - 28. Suppose j - 3*j = 4*c - q, 7 = -c + 3*j. Is c prime?
True
Let k(h) = h**3 + 7*h**2 + 6*h + 6. Let y be k(-4). Let i = y + -18. Let x(f) = 30*f + 19. Is x(i) prime?
True
Suppose 184 = 3*u + 721. Let p = -227 - -555. Let m = u + p. Is m composite?
False
Let t(y) = y**2 - 8*y + 5. Let j be t(6). Let f(a) = -3*a**3 + 9*a**2 - 7*a + 16. Is f(j) prime?
False
Let r(p) = -253*p - 2. Let w = 1 - -13. Suppose 5*g - 10 = 0, 2*f + 2*f + w = 5*g. Is r(f) composite?
False
Let x(z) = 2*z**3 - z**2 - 3*z - 2. Let y be 20/4 - (-1 - -3). Let i be x(y). Let a = 55 + i. Is a a prime number?
True
Let g = 3380 + -36. Let p = g - 2209. Is p a composite number?
True
Let z = 3013 - 1652. Is z prime?
True
Let o = 3896 + -2745. Is o composite?
False
Let c(l) = 41*l**2 + 2*